.
6
Let x(y) = 10 + 5*y - 19 + y. Let h be x(3). What is the highest common factor of 27 and h?
9
Let y(i) = 4*i**3 + 30*i**2 - 8*i + 8. Let z be y(-7). Calculate the greatest common divisor of z and 18.
18
Let l be 108/15 + 1/(-5). Suppose -l - 48 = -t. What is the highest common divisor of t and 5?
5
Let j(o) = 48*o - 136. Let u be j(3). What is the greatest common factor of 6 and u?
2
Suppose 2*y + 2*u - 12 = 0, 0*y = 4*y - 4*u - 8. Suppose 0 = 5*r + y*g - 72 + 2, -4*r - 4*g + 60 = 0. Calculate the highest common factor of 10 and r.
10
Suppose 0 = -10*d - 7*d + 5168. Calculate the highest common divisor of d and 16.
16
Suppose -4*n + 20 = -n - 2*i, 2*n - 35 = -3*i. Suppose -o - 16 = -2*y - 3*o, -2*o + n = 0. Calculate the highest common factor of 21 and y.
3
Let g = -49 - -53. Let l be (-15)/25*g/6*-50. What is the highest common factor of 60 and l?
20
Let r be 8/2 + -6*7720/(-48). Calculate the highest common divisor of r and 51.
51
Suppose -43*h + 29600 = 37*h. Calculate the highest common divisor of 111 and h.
37
Suppose -13*q + 2217 - 124 = 0. What is the highest common factor of 207 and q?
23
Let j = 103 - 37. Let o = j + -28. Calculate the greatest common factor of o and 38.
38
Let b(t) = -4*t + 28. Let p be b(0). Let o = 30 - p. Suppose 0 = 6*z + o*z - 64. Calculate the highest common factor of 24 and z.
8
Let h = -1254 - -1632. Calculate the greatest common factor of h and 252.
126
Suppose -5*f + 1465 = 5*i, 0*f = 3*i + 2*f - 874. What is the greatest common factor of 24 and i?
24
Let a(h) = 3*h**2 - 28*h + 3. Let m be a(12). Let w = -54 + m. What is the greatest common divisor of w and 5?
5
Suppose 4*n = d + 263, 3*d - 61 = -3*n + 140. Let t = n + -28. Calculate the greatest common divisor of 190 and t.
38
Let x be (-1636)/(-9) - 300/(-1350). Calculate the highest common factor of 494 and x.
26
Let g(m) = m**2 - m + 43. Let h be g(4). Calculate the highest common divisor of 10 and h.
5
Let m = -36 - -26. Let p(o) = o**3 + 9*o**2 - 14*o - 3. Let d be p(m). Let k be d + (-2 + 0)/1. What is the greatest common divisor of 5 and k?
5
Suppose 17 = 8*k - 95. Suppose 0 = -9*z + k*z - 90. Calculate the greatest common divisor of 72 and z.
18
Let b(v) = -13*v + 388. Let g be b(-14). Calculate the highest common factor of 60 and g.
30
Suppose -2*n = -9 - 15. Suppose 0 + n = a. Let h be (2/a)/((-2)/(-12)). What is the greatest common factor of h and 9?
1
Suppose p - 16 - 39 = 0. Let s = 42 - 20. Calculate the greatest common divisor of s and p.
11
Suppose -22*p = -14*p - 520. What is the greatest common divisor of p and 1170?
65
Suppose 3*r - 168 = -42. Suppose -2*w + 3*w + 2 = 0, i = -2*w + 101. What is the highest common factor of r and i?
21
Let z(k) = -k**2 - 48*k - 77. Let p be z(-28). Calculate the highest common divisor of 23 and p.
23
Let l be (0 + -3)*20/(-15). Let b be (-558)/12*l/(-6). Calculate the highest common divisor of 62 and b.
31
Let h be (1 + -40)/(26 + -27). Let d(j) = -j - 1. Let r be d(-4). Calculate the greatest common factor of h and r.
3
Suppose 26*u - 30*u + 96 = 0. Let j be (-1 + 4)/((-1)/(-2)). Calculate the highest common factor of j and u.
6
Let b(z) = -z**3 + 11*z**2 + 9*z - 23. Let g be b(11). Suppose 106 = 3*s + g. Calculate the highest common divisor of 110 and s.
10
Let x = 108 + -107. Let a be 8 - (1 + 0) - x. What is the greatest common factor of 24 and a?
6
Let q = 794 - 688. Calculate the highest common divisor of q and 742.
106
Let a(j) = j**3 + 29*j**2 + 97*j - 33. Let t be a(-25). What is the greatest common factor of 14 and t?
14
Let k be 6/(-4) + (-552)/(-48). Suppose 31 = k*q - 19. What is the highest common divisor of 45 and q?
5
Let b(i) = i**3 + i + 168. Let t be b(0). Let q = -108 + t. Calculate the highest common factor of q and 12.
12
Let y(p) be the second derivative of -8*p**3/3 + 5*p**2/2 + 31*p. Let k be y(-7). What is the highest common factor of 13 and k?
13
Let k(t) = 2*t**2 + 4*t - 3. Let a be k(-3). Suppose -225 = -2*d + 3*s, -a*s - 6 = -s. Calculate the highest common divisor of d and 36.
36
Let f = 13 + -11. Suppose 2*k = -4*l - 3*k + 11, 0 = -3*l - f*k + 17. Let d = 20 - l. What is the greatest common factor of d and 99?
11
Let h be 2 + 14/(1 + 1). Let p = -6 - h. Let c be (55/p)/(1/(-6)). What is the greatest common factor of c and 44?
22
Suppose 1116 = -6*k + 2892. Calculate the greatest common divisor of 8 and k.
8
Let i(h) = 2*h**2 - 3*h - 5. Let x be i(5). Let l be 2 + 2 + 1 + -1. Let p be (-3)/(l/(-14) + (-3)/14). Calculate the highest common divisor of p and x.
6
Suppose -2*f - 3*s = 3*f - 21, -s + 5 = f. Suppose -300 = x - f*x. Calculate the greatest common divisor of x and 30.
30
Let g be (-2)/(-7) + 132/28. Suppose -906 = -g*n + 14. Calculate the highest common factor of n and 23.
23
Let a be (-2)/(-4)*(-4 + 300/5). Let q = -18 + a. Suppose -2*d + 31 = 5*s, -4*d = -3*s + 2*s - 7. What is the greatest common factor of s and q?
5
Let a(y) = -3 + 2*y**2 + y + 4*y + 2*y + 1. Suppose q = 4*m + 12, 4*q - 3*q - 5 = -3*m. Let s be a(q). What is the greatest common factor of s and 26?
26
Let n = -41 - -48. Let u(r) = -r**3 + 6*r**2 + 10*r - 4. Let o be u(n). What is the highest common divisor of o and 187?
17
Let m = 26 - -10. Suppose 3 + 21 = 3*i + 3*o, -4*i = o - 32. Let c(v) = -v**3 + 7*v**2 + 9*v + 1. Let p be c(i). What is the highest common divisor of m and p?
9
Suppose -6*b + 2*b + 3*l = -2821, 3521 = 5*b - 2*l. What is the highest common divisor of b and 95?
19
Let t(w) = w**3 - 2*w**2 - 7*w + 6. Let l be (-2)/(-5) + (4 - (-2)/(-5)). Let g be t(l). Calculate the highest common factor of 4 and g.
2
Let b(x) = -23*x. Let f be b(-4). Suppose -t = 2, 2*t = -y + 11 + 2. Suppose v = -2*h + y, -v + 4*h = 7 - 42. Calculate the highest common divisor of v and f.
23
Suppose 30*o - 1987 - 1793 = 0. What is the highest common factor of 30 and o?
6
Let a be 28/7*(-98)/4. Let q = a + 114. Calculate the greatest common divisor of 144 and q.
16
Let x be (-2)/5 - (-2564)/10. Let b be (-8)/20 - 24/(-10). Suppose 5*r - 71 = -3*g, 0*r = -5*g + b*r + 170. What is the greatest common factor of g and x?
32
Suppose -3*q + 5 + 10 = 0. Let v = -535 + 771. Suppose -4*j + 2*l = -3*l - v, -20 = q*l. What is the highest common divisor of j and 81?
27
Let k(n) = -n**2 - 7*n - 7. Let p be k(-7). Let q(u) = -u**3 - 6*u**2 + 6*u + 1. Let o be q(p). Calculate the greatest common divisor of o and 56.
8
Suppose -4*t + 99 - 23 = 0. Let v(s) = 4*s - 40. Let f be v(t). Calculate the greatest common factor of 4 and f.
4
Suppose 4*m - 11*m + 308 = 0. Suppose j = -j + m. Let b(u) = 2*u**2 - 2*u - 4. Let g be b(-9). What is the highest common factor of j and g?
22
Let n be 62/12 + (-2)/12. Let p be (-286)/65*n/(-2). What is the greatest common factor of 22 and p?
11
Let i(c) = -9*c**2 + c + 4. Let h be i(2). Let a = -15 - h. Suppose 5*f + 4*p = 533, -3*p + 0*p = -4*f + 414. What is the greatest common divisor of f and a?
15
Let n(c) = 71*c + 966. Let v be n(18). What is the highest common divisor of 88 and v?
44
Let k(d) = 24*d**3 - d - 27*d**3 + 6 - 2*d. Let h be k(2). Let c = 39 + h. What is the highest common factor of c and 165?
15
Let d(u) = -u**2 - 18*u - 22. Let g = 45 - 61. Let y be d(g). What is the greatest common divisor of 25 and y?
5
Suppose 0 = 18*m + 21*m - 1092. What is the greatest common divisor of 364 and m?
28
Let g = 6313 + -3802. Calculate the highest common factor of g and 93.
93
Let j be -2 + 7 - (5 - 3). Let r = j - -1. Suppose 3*l = 2*l + r. Calculate the greatest common divisor of l and 28.
4
Let p = -1726 + 1901. Let g = 1 + 6. What is the highest common factor of p and g?
7
Suppose 0*x + 429 = 3*x. Let a(w) = -w**2 + 13*w - 31. Let u be a(6). What is the greatest common factor of u and x?
11
Let p = -20 + 30. Suppose 10*z - p = 5*z. Suppose 0*k = 3*k + 2*l - 5, l - 5 = -z*k. What is the highest common factor of 35 and k?
5
Let h(b) = 37*b**3 + 3*b - 5. Let n be h(1). What is the highest common divisor of n and 245?
35
Let q(u) = -u**2 + u + 2. Suppose -4 = 2*j + 2*j - 4*x, 2 = 3*j + 2*x. Let n be q(j). Let m be n/(-2)*3 - -54. What is the greatest common divisor of m and 17?
17
Let j(n) = -4*n**3 + 11*n**2 - 9*n + 2. Let g(h) = h**3 - h**2 + h. Let s(x) = 5*g(x) + j(x). Let c be s(